2 (base 13) in base 6?
-2
Convert -2 (base 6) to base 15.
-2
Convert -4 (base 15) to base 12.
-4
What is 3 (base 5) in base 9?
3
-22 (base 10) to base 15
-17
-11 (base 6) to base 10
-7
-9 (base 16) to base 3
-100
-5 (base 7) to base 13
-5
-101 (base 5) to base 4
-122
What is 1 (base 16) in base 9?
1
3d (base 15) to base 9
64
What is 12 (base 8) in base 15?
a
1 (base 9) to base 2
1
112 (base 6) to base 5
134
Convert 14 (base 16) to base 15.
15
Convert 305 (base 10) to base 8.
461
What is -3 (base 16) in base 6?
-3
-1011 (base 2) to base 16
-b
What is 15 (base 13) in base 2?
10010
What is -3 (base 6) in base 5?
-3
30 (base 10) to base 14
22
131 (base 6) to base 7
106
12 (base 5) to base 10
7
What is -31 (base 9) in base 4?
-130
What is -94 (base 11) in base 10?
-103
-71 (base 12) to base 2
-1010101
Convert -11 (base 9) to base 7.
-13
What is 3 (base 10) in base 7?
3
Convert 100 (base 5) to base 14.
1b
-14 (base 7) to base 11
-10
What is -21 (base 5) in base 13?
-b
Convert bb (base 14) to base 6.
433
Convert 110 (base 2) to base 15.
6
-128 (base 14) to base 2
-11101000
Convert -11 (base 16) to base 4.
-101
What is -262 (base 9) in base 6?
-1002
0 (base 6) to base 5
0
-15 (base 7) to base 15
-c
What is -6 (base 11) in base 15?
-6
85 (base 10) to base 5
320
Convert 202 (base 3) to base 13.
17
Convert -60 (base 10) to base 15.
-40
-13 (base 6) to base 11
-9
What is -21 (base 7) in base 5?
-30
What is -55 (base 8) in base 9?
-50
What is 1 (base 14) in base 4?
1
-120 (base 6) to base 8
-60
-21 (base 5) to base 4
-23
154 (base 10) to base 5
1104
Convert 100 (base 2) to base 14.
4
Convert -23 (base 6) to base 7.
-21
10 (base 2) to base 13
2
9 (base 12) to base 3
100
Convert -29 (base 13) to base 5.
-120
Convert -16 (base 15) to base 5.
-41
Convert -6 (base 9) to base 2.
-110
-2a6 (base 11) to base 7
-1021
What is 2 (base 9) in base 10?
2
2 (base 13) to base 7
2
Convert -3 (base 11) to base 14.
-3
10102 (base 3) to base 9
112
Convert 15 (base 9) to base 7.
20
Convert 5 (base 6) to base 3.
12
What is -26 (base 16) in base 3?
-1102
Convert -a (base 14) to base 13.
-a
What is -1413 (base 5) in base 11?
-1a2
-4 (base 6) to base 13
-4
What is 4 (base 14) in base 6?
4
-101011 (base 2) to base 16
-2b
What is 11 (base 4) in base 15?
5
What is 7 (base 15) in base 9?
7
Convert -16 (base 11) to base 9.
-18
Convert -3 (base 6) to base 4.
-3
What is 0 (base 9) in base 15?
0
What is -1 (base 3) in base 8?
-1
What is -12 (base 15) in base 11?
-16
4 (base 16) to base 4
10
Convert 111 (base 7) to base 3.
2010
What is 144 (base 8) in base 9?
121
-11 (base 3) to base 14
-4
What is -66 (base 15) in base 7?
-165
402 (base 5) to base 6
250
What is 15 (base 6) in base 12?
b
What is -46 (base 13) in base 5?
-213
What is -3 (base 4) in base 13?
-3
Convert -14 (base 5) to base 4.
-21
34 (base 9) to base 7
43
Convert -44 (base 11) to base 10.
-48
What is 198 (base 12) in base 5?
2020
What is 1 (base 12) in base 7?
1
5 (base 11) to base 12
5
-39 (base 13) to base 16
-30
4d (base 14) to base 4
1011
Convert 101100 (base 2) to base 8.
54
231 (base 5) to base 14
4a
Convert 28 (base 15) to base 16.
26
213 (base 6) to base 13
63
-8 (base 14) to base 5
-13
-22 (base 7) to base 13
-13
1033 (base 7) to base 14
1c3
Convert -5 (base 14) to base 8.
-5
251 (base 10) to base 3
100022
47 (base 9) to base 13
34
What is -21 (base 5) in base 8?
-13
What is 3 (base 7) in base 9?
3
Convert 86 (base 11) to base 2.
1011110
What is -1 (base 12) in base 11?
-1
-25 (base 9) to base 2
-10111
Convert 2b (base 13) to base 5.
122
Convert -30 (base 14) to base 9.
-46
Convert 20101 (base 3) to base 5.
1142
Convert 4 (base 8) to base 6.
4
What is -5 (base 11) in base 15?
-5
4 (base 12) to base 3
11
-55 (base 7) to base 8
-50
What is 342 (base 5) in base 12?
81
What is 4 (base 13) in base 12?
4
Convert 26 (base 12) to base 4.
132
Convert 5 (base 14) to base 3.
12
112 (base 3) to base 8
16
-7 (base 13) to base 6
-11
23 (base 10) to base 6
35
What is 1 (base 11) in base 6?
1
Convert -1 (base 10) to base 13.
-1
Convert 111 (base 4) to base 10.
21
-11 (base 3) to base 2
-100
-2 (base 13) to base 5
-2
565 (base 8) to base 9
454
3 (base 13) to base 11
3
73 (base 15) to base 7
213
0 (base 11) to base 8
0
-22 (base 13) to base 10
-28
-161 (base 15) to base 16
-13c
Convert -1 (base 14) to base 6.
-1
What is -4 (base 6) in base 9?
-4
What is 201 (base 7) in base 9?
120
What is 3 (base 12) in base 5?
3
1 (base 7) to base 16
1
Convert 9 (base 14) to base 2.
1001
110 (base 2) to base 6
10
Convert -4 (base 8) to base 13.
-4
Convert 161 (base 8) to base 3.
11012
-b (base 15) to base 8
-13
What is -c (base 14) in base 15?
-c
What is -13 (base 5) in base 14?
-8
Convert 0 (base 4) to base 9.
0
What is -1 (base 5) in base 10?
-1
What is 3 (base 5) in base 16?
3
6 (base 14) to base 13
6
-36 (base 7) to base 4
-123
-6 (base 11) to base 14
-6
What is -11 (base 2) in base 4?
-3
48 (base 11) to base 8
64
-76 (base 9) to base 10
-69
Convert -213 (base 7) to base 5.
-413
Convert 4 (base 9) to base 16.
4
What is -15 (base 15) in base 6?
-32
What is 140 (base 7) in base 3?
2212
-1 (base 11) to base 16
-1
Convert 18 (base 9) to base 10.
17
Convert -20020 (base 3) to base 10.
-168
Convert -205 (base 8) to base 3.
-11221
Convert 1011 (base 2) to base 13.
b
What is -11 (base 3) in base 2?
-100
What is -10 (base 16) in base 13?
-13
105 (base 6) to base 12
35
What is -2 (base 4) in base 11?
-2
Convert -4 (base 10) to base 12.
-4
What is 110010 (base 2) in base 13?
3b
What is 10 (base 3) in base 5?
3
Convert 0 (base 7) to base 11.
0
21 (base 11) to base 2
10111
What is -102 (base 3) in base 5?
-21
What is 0 (base 7) in base 6?
0
Convert -3 (base 8) to base 6.
-3
What is 1001000 (base 2) in base 3?
2200
Convert 2 (base 5) to base 9.
2
What is -4 (base 8) in base 16?
-4
Convert -2 (base 11) to base 7.
-2
Convert 3 (base 4) to base 11.
3
-22120 (base 3) to base 12
-173
What is -2 (base 4) in base 6?
-2
What is 321 (base 4) in base 12?
49
Convert 3 (base 16) to base 14.
3
Convert 2 (base 8) to base 7.
2
-4 (base 13) to base 9
-4
What is -55 (base 12) in base 13?
-50
-170 (base 12) to base 9
-273
What is -1b (base 14) in base 12?
-21
What is 201 (base 5) in base 7?
102
-11 (base 6) to base 16
-7
-12 (base 4) to base 14
-6
Convert 210 (base 4) to base 7.
51
Convert 9 (base 10) to base 13.
9
Convert 1c (base 16) to base 5.
103
Convert 162 (base 8) to base 16.
72
What is 140 (base 5) in base 3?
1200
207 (base 8) to base 11
113
-46 (base 11) to base 13
-3b
-5 (base 15) to base 14
-5
Convert -23 (base 10) to base 13.
-1a
-76 (base 12) to base 7
-156
What is -2100 (base 3) in base 2?
-111111
29 (base 12) to base 10
33
What is 25 (base 8) in base 3?
210
11 (base 2) to base 3
10
What is 6 (base 11) in base 12?
6
Convert 62 (base 11) to base 12.
58
Convert -4 (base 11) to base 16.
-4
-18 (base 15) to base 16
-17
What is 77 (base 13) in base 6?
242
Convert -16 (base 9) to base 12.
-13
-111 (base 2) to base 3
-21
What is -1 (base 15) in base 2?
-1
What is 12 (base 13) in base 11?
14
Convert 1a (base 11) to base 8.
25
3 (base 8) to base 11
3
-10 (base 4) to base 16
-4
What is -2 (base 6) in base 11?
-2
Convert 45 (base 7) to base 10.
33
Convert 222 (base 4) to base 15.
2c
What is -118 (base 15) in base 7?
-503
a4 (base 11) to base 12
96
What is 3 (base 16) in base 3?
10
Convert 50 (base 13) to base 9.
72
Convert -11 (base 8) to base 10.
-9
What is 1 (base 15) in base 9?
1
What is -5 (base 13) in base 6?
-5
Convert -122 (base 6) to base 2.
-110010
30 (base 10) to base 15
20
What is 141 (base 8) in base 9?
117
What is -18 (base 10) in base 5?
-33
-120 (base 3) to base 11
-14
-87 (base 9) to base 16
-4f
c (base 16) to base 3
110
-6 (base 16) to base 10
-6
What is 7 (base 16) in base 12?
7
-19 (base 12) to base 16
-15
Convert 43 (base 15) to base 7.
120
What is -e2 (base 15) in base 3?
-21212
69 (base 10) to base 2
1000101
What is -7 (base 16) in base 12?
-7
What is -2210 (base 3) in base 2?
-1001011
Convert 87 (base 9) to base 16.
4f
16 (base 8) to base 9
15
-6 (base 14) to base 11
-6
10 (base 10) to base 7
13
Convert -10 (base 2) to base 4.
-2
What is -2 (base 9) in base 3?
-2
What is 52 (base 13) in base 15?
47
What is 21 (base 5) in base 6?
15
What is 14 (base